{"id":8,"date":"2014-08-19T11:18:46","date_gmt":"2014-08-19T09:18:46","guid":{"rendered":"http:\/\/freerideguide.ch\/schweiz\/?page_id=8"},"modified":"2025-10-31T19:55:19","modified_gmt":"2025-10-31T17:55:19","slug":"ueber-uns","status":"publish","type":"page","link":"https:\/\/freerideguide.ch\/schweiz\/ueber-uns\/","title":{"rendered":"\u00dcber uns"},"content":{"rendered":"[spb_single_image image=&#8220;232&#8243; image_size=&#8220;full&#8220; frame=&#8220;noframe&#8220; lightbox=&#8220;yes&#8220; link_target=&#8220;_self&#8220; fullwidth=&#8220;no&#8220; width=&#8220;1\/6&#8243; el_position=&#8220;first&#8220;][\/spb_single_image] [spb_text_block pb_margin_bottom=&#8220;no&#8220; pb_border_bottom=&#8220;no&#8220; width=&#8220;1\/6&#8243;]\n<p style=\"text-align: center;\">Teampilot:<\/p>\n<p><img loading=\"lazy\" decoding=\"async\" class=\"size-full wp-image-1691 aligncenter\" src=\"http:\/\/freerideguide.ch\/schweiz\/wp-content\/uploads\/2019\/11\/AD-Logo.jpg\" alt=\"\" width=\"200\" height=\"82\" \/><\/p>\n[\/spb_text_block] [spb_single_image image=&#8220;6682&#8243; image_size=&#8220;medium&#8220; frame=&#8220;noframe&#8220; lightbox=&#8220;yes&#8220; link_target=&#8220;_self&#8220; fullwidth=&#8220;no&#8220; width=&#8220;1\/6&#8243;][\/spb_single_image] [spb_single_image image=&#8220;6680&#8243; image_size=&#8220;full&#8220; frame=&#8220;noframe&#8220; lightbox=&#8220;yes&#8220; link_target=&#8220;_self&#8220; fullwidth=&#8220;no&#8220; width=&#8220;1\/6&#8243;][\/spb_single_image] [spb_single_image image=&#8220;275&#8243; image_size=&#8220;medium&#8220; frame=&#8220;noframe&#8220; lightbox=&#8220;yes&#8220; link_target=&#8220;_self&#8220; fullwidth=&#8220;no&#8220; width=&#8220;1\/6&#8243;][\/spb_single_image] [spb_single_image image=&#8220;276&#8243; image_size=&#8220;medium&#8220; frame=&#8220;noframe&#8220; lightbox=&#8220;yes&#8220; link_target=&#8220;_self&#8220; fullwidth=&#8220;no&#8220; width=&#8220;1\/6&#8243; el_position=&#8220;last&#8220;][\/spb_single_image] [spb_text_block title=&#8220;Roger Fischer&#8220; pb_margin_bottom=&#8220;no&#8220; pb_border_bottom=&#8220;no&#8220; width=&#8220;1\/6&#8243; el_position=&#8220;first&#8220;]\n<p style=\"text-align: left;\" align=\"JUSTIFY\">Roger ist Inhaber von Freerideguide.ch. Er ist Schneesportlehrer mit eidg. Fachausweis und Gleitschirmpilot seit 2009. Seine Hobbies, das Freeriden, Skitourenfahren und Bergsteigen versuchte er seither wenn immer m\u00f6glich mit dem Gleitschirm zu verbinden. Ob Speed Riden, Climb &amp; Fly, Hike &amp; Fly oder Fly to Ski, genau diese Kombinationen sind seine liebsten Aktivit\u00e4ten.<\/p>\n<p>Roger Fischer studierte an der Hochschule f\u00fcr Wirtschaft in Luzern Betriebswirtschaft mit Vertiefungsrichtung Tourismus. Aufgewachsen ist er in Kriens LU am Fusse des Pilatus. Nach Umwegen \u00fcber Lausanne, Verbier und Engelberg wohnt er seit 2006 Grindelwald und arbeitet bei der Raiffeisenbank Jungfrau als Anlageberater. Im Nebenjob f\u00fchrt er noch G\u00e4ste abseits der Skipisten, bietet Tandemfl\u00fcge an und schreibt F\u00fchrerlitaratur.<\/p>\n[\/spb_text_block] [spb_text_block pb_margin_bottom=&#8220;no&#8220; pb_border_bottom=&#8220;no&#8220; width=&#8220;1\/6&#8243;][\/spb_text_block] [spb_text_block title=&#8220;Bernhard Senn&#8220; pb_margin_bottom=&#8220;no&#8220; pb_border_bottom=&#8220;no&#8220; width=&#8220;1\/6&#8243;]\n<p style=\"text-align: left;\" align=\"JUSTIFY\">Benu, Jahrgang 1976, ist Mitautor des H&amp;F Guides Oberwallis und schon fast ein Heimwehwalliser. Aufgewachsen ist er in Schwarzenburg in den Berner Voralpen. Seit 2009 wohnt er mit Frau, Sohn und Tochter in Thun. Beruflich ist er Physiotherapeut, mittlerweile Allrounder im Pr\u00e4ventions- und Sportbereich. Er hat bereits zwei B\u00fccher f\u00fcr den SAC mitverfasst. Ab 2017 war er beteiligt am Aufbau des SAC-Tourenportals. Schon w\u00e4hrend der Kindheit war er mit seinem Vater immer gerne im Oberwallis unterwegs. Mittlerweile kennt er das Oberwallis, insbesondere das L\u00f6tschental und das Goms, wohl besser als die meisten Walliser selbst. Am liebsten erkundet er die Region zu Fuss, auf den Skiern oder seit 2014 eben auch mit dem Gleitschirm im Gep\u00e4ck.<\/p>\n[\/spb_text_block] [spb_text_block title=&#8220;Thomas Kalbermatter&#8220; pb_margin_bottom=&#8220;no&#8220; pb_border_bottom=&#8220;no&#8220; width=&#8220;1\/6&#8243;]\n<p style=\"text-align: left;\" align=\"JUSTIFY\">Thomas, Mitautor des H&amp;F Guides Oberwallis, ist 1973 geboren. Er ist verheiratet, Vater von zwei S\u00f6hnen und fliegt seit 2018. Bald sah sich der Berufsschul-Fachlehrer, selbst\u00e4ndiger Einmann-Elektroinstallationsbetrieb und Hausmann, aus beruflichen und famili\u00e4ren Gr\u00fcnden gezwungen, sein neues Hobby auf die Randzeiten zu verlegen. Hike &amp; Fly erm\u00f6glicht ihm fortan fr\u00fchmorgendliche Touren auf die Berge und H\u00fctten rund um seinen Wohnort Niedergesteln. Dabei schaut er, dass es im Gleitflug wieder zur\u00fcck reicht und er in seinem Garten (oder Pool\u2026) landen kann. Mittlerweile blickt Thomas auf \u00fcber 1300 Fl\u00fcge zur\u00fcck. Er flog am Meer, vom \u00c4tna oder von hohen Bergen und bezeichnet sich als \u00abs\u00fcchtig\u00bb.<\/p>\n[\/spb_text_block] [spb_text_block title=&#8220;Christian Frei&#8220; pb_margin_bottom=&#8220;no&#8220; pb_border_bottom=&#8220;no&#8220; width=&#8220;1\/6&#8243;]\n<p>Christian ist Mitautor des Freeride Guides Davos Klosters. Er ist Schneesportlehrer mit eidg. Fachausweis und arbeitet seit 2007 als Skilehrer f\u00fcr die Schweizer Schneesportschule in Davos. Er ist im Emmental aufgewachsen und arbeitet hauptberuflich als Maschinenbauingenieur in Bern. Nebst dem Zeichnen sind die Berge seine grosse Leidenschaft. Davos ist denn auch seine zweite Heimat geworden, nicht zuletzt wegen seines idealen Standortes: im Sommer zum Bergsteigen, Biken und Wandern, im Winter zum Freeriden, Skitouren und Skifahren.<\/p>\n[\/spb_text_block] [spb_text_block title=&#8220;Ruedi Berli&#8220; pb_margin_bottom=&#8220;no&#8220; pb_border_bottom=&#8220;no&#8220; width=&#8220;1\/6&#8243; el_position=&#8220;last&#8220;]\n<p>Ruedi ist Mitautor des Freeride Guides Davos Klosters. Er ist Schneesportlehrer mit eidg. Fachausweis und arbeitete als Skilehrer f\u00fcr die Schweizer Schneesportschule Davos. Er unterrichtete auch in Champ\u00e9ry und am Mt. Ruapehu (NZ). Er ist gelernter Vermessungszeichner und im Z\u00fcrcher Oberland aufgewachsen. Im Sommer leitet er ein Freibad. In seiner Freizeit ist er meistens am Freeriden, mit dem Motorrad unterwegs oder mit der Familie am Wandern.<\/p>\n[\/spb_text_block]\n","protected":false},"excerpt":{"rendered":"<p>[spb_single_image image=&#8220;232&#8243; image_size=&#8220;full&#8220; frame=&#8220;noframe&#8220; lightbox=&#8220;yes&#8220; link_target=&#8220;_self&#8220; fullwidth=&#8220;no&#8220; width=&#8220;1\/6&#8243; el_position=&#8220;first&#8220;][\/spb_single_image] [spb_text_block pb_margin_bottom=&#8220;no&#8220; pb_border_bottom=&#8220;no&#8220; width=&#8220;1\/6&#8243;] Teampilot: [\/spb_text_block] [spb_single_image image=&#8220;6682&#8243; image_size=&#8220;medium&#8220; frame=&#8220;noframe&#8220; lightbox=&#8220;yes&#8220; link_target=&#8220;_self&#8220; fullwidth=&#8220;no&#8220; width=&#8220;1\/6&#8243;][\/spb_single_image] [spb_single_image image=&#8220;6680&#8243; image_size=&#8220;full&#8220; frame=&#8220;noframe&#8220; lightbox=&#8220;yes&#8220; link_target=&#8220;_self&#8220; fullwidth=&#8220;no&#8220; width=&#8220;1\/6&#8243;][\/spb_single_image] [spb_single_image image=&#8220;275&#8243; image_size=&#8220;medium&#8220; frame=&#8220;noframe&#8220; lightbox=&#8220;yes&#8220; link_target=&#8220;_self&#8220; fullwidth=&#8220;no&#8220; width=&#8220;1\/6&#8243;][\/spb_single_image] [spb_single_image image=&#8220;276&#8243; image_size=&#8220;medium&#8220; frame=&#8220;noframe&#8220; lightbox=&#8220;yes&#8220; link_target=&#8220;_self&#8220; fullwidth=&#8220;no&#8220; width=&#8220;1\/6&#8243; el_position=&#8220;last&#8220;][\/spb_single_image] [spb_text_block title=&#8220;Roger Fischer&#8220; pb_margin_bottom=&#8220;no&#8220; pb_border_bottom=&#8220;no&#8220; width=&#8220;1\/6&#8243; el_position=&#8220;first&#8220;] Roger ist Inhaber von Freerideguide.ch. [&hellip;]<\/p>\n","protected":false},"author":1,"featured_media":0,"parent":0,"menu_order":0,"comment_status":"open","ping_status":"open","template":"","meta":{"footnotes":""},"class_list":["post-8","page","type-page","status-publish","hentry"],"yoast_head":"<!-- This site is optimized with the Yoast SEO plugin v26.6 - https:\/\/yoast.com\/wordpress\/plugins\/seo\/ -->\r\n<title>Freerideguide.ch und hikeandflyguide.ch<\/title>\r\n<meta name=\"description\" content=\"Freeride Guide, Jungfrau Region, Grindelwald, Davos Klosters, Roger Fischer, Christian Frei, Ruedi Berli\" \/>\r\n<meta name=\"robots\" content=\"index, follow, max-snippet:-1, max-image-preview:large, max-video-preview:-1\" \/>\r\n<link rel=\"canonical\" href=\"https:\/\/freerideguide.ch\/schweiz\/ueber-uns\/\" \/>\r\n<meta property=\"og:locale\" content=\"de_DE\" \/>\r\n<meta property=\"og:type\" content=\"article\" \/>\r\n<meta property=\"og:title\" content=\"Freerideguide.ch und hikeandflyguide.ch\" \/>\r\n<meta property=\"og:description\" content=\"Freeride Guide, Jungfrau Region, Grindelwald, Davos Klosters, Roger Fischer, Christian Frei, Ruedi Berli\" \/>\r\n<meta property=\"og:url\" content=\"https:\/\/freerideguide.ch\/schweiz\/ueber-uns\/\" \/>\r\n<meta property=\"og:site_name\" content=\"Freerideguide.ch\" \/>\r\n<meta property=\"article:publisher\" content=\"https:\/\/www.facebook.com\/FreerideGuideJungfrauRegion\/\" \/>\r\n<meta property=\"article:modified_time\" content=\"2025-10-31T17:55:19+00:00\" \/>\r\n<meta property=\"og:image\" content=\"https:\/\/freerideguide.ch\/schweiz\/wp-content\/uploads\/2019\/11\/AD-Logo.jpg\" \/>\r\n\t<meta property=\"og:image:width\" content=\"200\" \/>\r\n\t<meta property=\"og:image:height\" content=\"82\" \/>\r\n\t<meta property=\"og:image:type\" content=\"image\/jpeg\" \/>\r\n<meta name=\"twitter:label1\" content=\"Gesch\u00e4tzte Lesezeit\" \/>\n\t<meta name=\"twitter:data1\" content=\"4\u00a0Minuten\" \/>\r\n<script type=\"application\/ld+json\" class=\"yoast-schema-graph\">{\"@context\":\"https:\/\/schema.org\",\"@graph\":[{\"@type\":\"WebPage\",\"@id\":\"https:\/\/freerideguide.ch\/schweiz\/ueber-uns\/\",\"url\":\"https:\/\/freerideguide.ch\/schweiz\/ueber-uns\/\",\"name\":\"Freerideguide.ch und hikeandflyguide.ch\",\"isPartOf\":{\"@id\":\"https:\/\/freerideguide.ch\/schweiz\/#website\"},\"primaryImageOfPage\":{\"@id\":\"https:\/\/freerideguide.ch\/schweiz\/ueber-uns\/#primaryimage\"},\"image\":{\"@id\":\"https:\/\/freerideguide.ch\/schweiz\/ueber-uns\/#primaryimage\"},\"thumbnailUrl\":\"http:\/\/freerideguide.ch\/schweiz\/wp-content\/uploads\/2019\/11\/AD-Logo.jpg\",\"datePublished\":\"2014-08-19T09:18:46+00:00\",\"dateModified\":\"2025-10-31T17:55:19+00:00\",\"description\":\"Freeride Guide, Jungfrau Region, Grindelwald, Davos Klosters, Roger Fischer, Christian Frei, Ruedi Berli\",\"breadcrumb\":{\"@id\":\"https:\/\/freerideguide.ch\/schweiz\/ueber-uns\/#breadcrumb\"},\"inLanguage\":\"de\",\"potentialAction\":[{\"@type\":\"ReadAction\",\"target\":[\"https:\/\/freerideguide.ch\/schweiz\/ueber-uns\/\"]}]},{\"@type\":\"ImageObject\",\"inLanguage\":\"de\",\"@id\":\"https:\/\/freerideguide.ch\/schweiz\/ueber-uns\/#primaryimage\",\"url\":\"http:\/\/freerideguide.ch\/schweiz\/wp-content\/uploads\/2019\/11\/AD-Logo.jpg\",\"contentUrl\":\"http:\/\/freerideguide.ch\/schweiz\/wp-content\/uploads\/2019\/11\/AD-Logo.jpg\"},{\"@type\":\"BreadcrumbList\",\"@id\":\"https:\/\/freerideguide.ch\/schweiz\/ueber-uns\/#breadcrumb\",\"itemListElement\":[{\"@type\":\"ListItem\",\"position\":1,\"name\":\"Home\",\"item\":\"https:\/\/freerideguide.ch\/schweiz\/\"},{\"@type\":\"ListItem\",\"position\":2,\"name\":\"\u00dcber uns\"}]},{\"@type\":\"WebSite\",\"@id\":\"https:\/\/freerideguide.ch\/schweiz\/#website\",\"url\":\"https:\/\/freerideguide.ch\/schweiz\/\",\"name\":\"Freerideguide.ch\",\"description\":\"Books, Guidings and Tandem Flights\",\"publisher\":{\"@id\":\"https:\/\/freerideguide.ch\/schweiz\/#organization\"},\"potentialAction\":[{\"@type\":\"SearchAction\",\"target\":{\"@type\":\"EntryPoint\",\"urlTemplate\":\"https:\/\/freerideguide.ch\/schweiz\/?s={search_term_string}\"},\"query-input\":{\"@type\":\"PropertyValueSpecification\",\"valueRequired\":true,\"valueName\":\"search_term_string\"}}],\"inLanguage\":\"de\"},{\"@type\":\"Organization\",\"@id\":\"https:\/\/freerideguide.ch\/schweiz\/#organization\",\"name\":\"Freerideguide.ch\",\"url\":\"https:\/\/freerideguide.ch\/schweiz\/\",\"logo\":{\"@type\":\"ImageObject\",\"inLanguage\":\"de\",\"@id\":\"https:\/\/freerideguide.ch\/schweiz\/#\/schema\/logo\/image\/\",\"url\":\"http:\/\/freerideguide.ch\/schweiz\/wp-content\/uploads\/2014\/09\/freerideguideR.png\",\"contentUrl\":\"http:\/\/freerideguide.ch\/schweiz\/wp-content\/uploads\/2014\/09\/freerideguideR.png\",\"width\":2362,\"height\":587,\"caption\":\"Freerideguide.ch\"},\"image\":{\"@id\":\"https:\/\/freerideguide.ch\/schweiz\/#\/schema\/logo\/image\/\"},\"sameAs\":[\"https:\/\/www.facebook.com\/FreerideGuideJungfrauRegion\/\",\"https:\/\/www.instagram.com\/freerideguide.ch\/\",\"https:\/\/www.youtube.com\/channel\/UCzwnKqRhHpXAzUA5ZErLnAg\"]}]}<\/script>\r\n<!-- \/ Yoast SEO plugin. -->","yoast_head_json":{"title":"Freerideguide.ch und hikeandflyguide.ch","description":"Freeride Guide, Jungfrau Region, Grindelwald, Davos Klosters, Roger Fischer, Christian Frei, Ruedi Berli","robots":{"index":"index","follow":"follow","max-snippet":"max-snippet:-1","max-image-preview":"max-image-preview:large","max-video-preview":"max-video-preview:-1"},"canonical":"https:\/\/freerideguide.ch\/schweiz\/ueber-uns\/","og_locale":"de_DE","og_type":"article","og_title":"Freerideguide.ch und hikeandflyguide.ch","og_description":"Freeride Guide, Jungfrau Region, Grindelwald, Davos Klosters, Roger Fischer, Christian Frei, Ruedi Berli","og_url":"https:\/\/freerideguide.ch\/schweiz\/ueber-uns\/","og_site_name":"Freerideguide.ch","article_publisher":"https:\/\/www.facebook.com\/FreerideGuideJungfrauRegion\/","article_modified_time":"2025-10-31T17:55:19+00:00","og_image":[{"width":200,"height":82,"url":"https:\/\/freerideguide.ch\/schweiz\/wp-content\/uploads\/2019\/11\/AD-Logo.jpg","type":"image\/jpeg"}],"twitter_misc":{"Gesch\u00e4tzte Lesezeit":"4\u00a0Minuten"},"schema":{"@context":"https:\/\/schema.org","@graph":[{"@type":"WebPage","@id":"https:\/\/freerideguide.ch\/schweiz\/ueber-uns\/","url":"https:\/\/freerideguide.ch\/schweiz\/ueber-uns\/","name":"Freerideguide.ch und hikeandflyguide.ch","isPartOf":{"@id":"https:\/\/freerideguide.ch\/schweiz\/#website"},"primaryImageOfPage":{"@id":"https:\/\/freerideguide.ch\/schweiz\/ueber-uns\/#primaryimage"},"image":{"@id":"https:\/\/freerideguide.ch\/schweiz\/ueber-uns\/#primaryimage"},"thumbnailUrl":"http:\/\/freerideguide.ch\/schweiz\/wp-content\/uploads\/2019\/11\/AD-Logo.jpg","datePublished":"2014-08-19T09:18:46+00:00","dateModified":"2025-10-31T17:55:19+00:00","description":"Freeride Guide, Jungfrau Region, Grindelwald, Davos Klosters, Roger Fischer, Christian Frei, Ruedi Berli","breadcrumb":{"@id":"https:\/\/freerideguide.ch\/schweiz\/ueber-uns\/#breadcrumb"},"inLanguage":"de","potentialAction":[{"@type":"ReadAction","target":["https:\/\/freerideguide.ch\/schweiz\/ueber-uns\/"]}]},{"@type":"ImageObject","inLanguage":"de","@id":"https:\/\/freerideguide.ch\/schweiz\/ueber-uns\/#primaryimage","url":"http:\/\/freerideguide.ch\/schweiz\/wp-content\/uploads\/2019\/11\/AD-Logo.jpg","contentUrl":"http:\/\/freerideguide.ch\/schweiz\/wp-content\/uploads\/2019\/11\/AD-Logo.jpg"},{"@type":"BreadcrumbList","@id":"https:\/\/freerideguide.ch\/schweiz\/ueber-uns\/#breadcrumb","itemListElement":[{"@type":"ListItem","position":1,"name":"Home","item":"https:\/\/freerideguide.ch\/schweiz\/"},{"@type":"ListItem","position":2,"name":"\u00dcber uns"}]},{"@type":"WebSite","@id":"https:\/\/freerideguide.ch\/schweiz\/#website","url":"https:\/\/freerideguide.ch\/schweiz\/","name":"Freerideguide.ch","description":"Books, Guidings and Tandem Flights","publisher":{"@id":"https:\/\/freerideguide.ch\/schweiz\/#organization"},"potentialAction":[{"@type":"SearchAction","target":{"@type":"EntryPoint","urlTemplate":"https:\/\/freerideguide.ch\/schweiz\/?s={search_term_string}"},"query-input":{"@type":"PropertyValueSpecification","valueRequired":true,"valueName":"search_term_string"}}],"inLanguage":"de"},{"@type":"Organization","@id":"https:\/\/freerideguide.ch\/schweiz\/#organization","name":"Freerideguide.ch","url":"https:\/\/freerideguide.ch\/schweiz\/","logo":{"@type":"ImageObject","inLanguage":"de","@id":"https:\/\/freerideguide.ch\/schweiz\/#\/schema\/logo\/image\/","url":"http:\/\/freerideguide.ch\/schweiz\/wp-content\/uploads\/2014\/09\/freerideguideR.png","contentUrl":"http:\/\/freerideguide.ch\/schweiz\/wp-content\/uploads\/2014\/09\/freerideguideR.png","width":2362,"height":587,"caption":"Freerideguide.ch"},"image":{"@id":"https:\/\/freerideguide.ch\/schweiz\/#\/schema\/logo\/image\/"},"sameAs":["https:\/\/www.facebook.com\/FreerideGuideJungfrauRegion\/","https:\/\/www.instagram.com\/freerideguide.ch\/","https:\/\/www.youtube.com\/channel\/UCzwnKqRhHpXAzUA5ZErLnAg"]}]}},"_links":{"self":[{"href":"https:\/\/freerideguide.ch\/schweiz\/wp-json\/wp\/v2\/pages\/8","targetHints":{"allow":["GET"]}}],"collection":[{"href":"https:\/\/freerideguide.ch\/schweiz\/wp-json\/wp\/v2\/pages"}],"about":[{"href":"https:\/\/freerideguide.ch\/schweiz\/wp-json\/wp\/v2\/types\/page"}],"author":[{"embeddable":true,"href":"https:\/\/freerideguide.ch\/schweiz\/wp-json\/wp\/v2\/users\/1"}],"replies":[{"embeddable":true,"href":"https:\/\/freerideguide.ch\/schweiz\/wp-json\/wp\/v2\/comments?post=8"}],"version-history":[{"count":45,"href":"https:\/\/freerideguide.ch\/schweiz\/wp-json\/wp\/v2\/pages\/8\/revisions"}],"predecessor-version":[{"id":6731,"href":"https:\/\/freerideguide.ch\/schweiz\/wp-json\/wp\/v2\/pages\/8\/revisions\/6731"}],"wp:attachment":[{"href":"https:\/\/freerideguide.ch\/schweiz\/wp-json\/wp\/v2\/media?parent=8"}],"curies":[{"name":"wp","href":"https:\/\/api.w.org\/{rel}","templated":true}]}}